s divided by c?
1
Suppose -4*p + 82 - 15 = 3*s, 5*s - 5 = 0. Suppose 353*x - 854 = 339*x. What is the remainder when x is divided by p?
13
Suppose -8*t + 12*t = 8, 4*o - 5*t = 162. What is the remainder when o is divided by 10?
3
Suppose -2*c + 110 = -4*g, 10*g - 6*g = c - 51. What is the remainder when c is divided by 21?
17
Suppose -6*l + 12990 + 6864 = 0. What is the remainder when l is divided by 11?
9
Calculate the remainder when 129 is divided by (14/4)/(63/504).
17
Suppose x = 2*a - 1, -1 = -3*a + x - 0*x. Suppose a = 6*b - 902 + 80. What is the remainder when b is divided by 28?
25
Let x = 1197 - 458. Calculate the remainder when x is divided by 10.
9
Suppose 17*b - 20 = 12*b. Suppose -b*m + 12 = 0, 3*q = m + m. Suppose p = q*p - 77. What is the remainder when p is divided by 26?
25
Let n(q) = -2*q**3 + 94*q**2 + 2*q - 33. Calculate the remainder when n(47) is divided by 18/(-4)*(-28)/6.
19
Suppose -9982 = -78*p + 55*p. What is the remainder when p is divided by 23?
20
Let n = -973 + 1116. Calculate the remainder when n is divided by 71.
1
Let z(f) = -6*f - 13. Suppose 0 = -y + 4*w - 4, 5*y + 13 = -5*w - 32. Calculate the remainder when z(y) is divided by 9.
8
Let m(t) = t + 10. Let b be m(-8). Suppose 0 = -4*h + b*n + 76, 26 = 5*h + n - 69. Calculate the remainder when h is divided by 11.
8
Let i(z) = z**2 + 5*z + 5. Suppose 8 = -5*v + 53. What is the remainder when i(-8) is divided by v?
2
Let a(g) = -g**2 - 286*g + 2989. Suppose 0*m - 90 = -5*m. What is the remainder when a(10) is divided by m?
11
What is the remainder when 118 is divided by 22 - 44/(-4 - -15)?
10
Let a(n) = -6*n**2 + 10*n**2 + 8 - 3*n**2 - 3*n + 1. Calculate the remainder when 73 is divided by a(5).
16
Calculate the remainder when 164 + -3 + 2 + 30 + -26 is divided by 17.
14
Let c(o) = -o - 7 - 3 + 1 + 3. Let m be c(6). What is the remainder when 12 is divided by ((-4)/m)/((-2)/(-42))?
5
Suppose 18 = 2*p - 22. Let v = 6 + p. Calculate the remainder when v is divided by 14.
12
Let i(b) = -15*b + 2. Let q be i(-3). Let g = q - -2. What is the remainder when g is divided by 364/(-35)*15/(-6)?
23
Let j be ((-5)/(-3) + 2)*3. Let p(l) = 1 - 9*l + 3*l**2 - j - 4*l**2. What is the remainder when 14 is divided by p(-7)?
2
Let h = -57 + 62. Suppose 0 = -6*t + t + h*q + 240, -3*t + 126 = 3*q. Calculate the remainder when t is divided by 12.
9
Let t = -1256 + 1276. What is the remainder when 90 is divided by t?
10
Suppose -3*y = -4*l - 0*l + 15, 2*l = -y + 15. Calculate the remainder when (-8)/(56/(-441))*(-2)/(-6) is divided by l.
3
Suppose 0 = -5*o + 5*f + 2270, -12*f - 923 = -2*o - 7*f. What is the remainder when o is divided by 9?
8
Suppose -69*z + 58*z + 748 = 0. What is the remainder when z is divided by 26?
16
Let w = 405 + -274. What is the remainder when w is divided by -6 + 4/2*3 + 33?
32
Let i = 98 + 63. Suppose 2*k - i = -5*k. What is the remainder when (6/9)/(4/258) is divided by k?
20
Suppose -5*v = -0*v. Let x be 2 - (v/(-2) - 11). Suppose -4*i - x = -5*i. Calculate the remainder when i is divided by 7.
6
Let k = 8 - 4. Let a = 88 + -73. Calculate the remainder when a is divided by k.
3
Calculate the remainder when 1659 is divided by -5*-6*(-11)/(-33).
9
Suppose -2 - 4 = -2*k. Suppose 4*i + 3*r = 310, k*r - 389 = -8*i + 3*i. Calculate the remainder when i is divided by 16.
15
Suppose 3*y + 84 = 7*y. Let a = y + -15. What is the remainder when 17 is divided by a?
5
Let d(o) = 4*o - 5*o + 6 - 3*o - 19 + o**2. Calculate the remainder when 31 is divided by d(7).
7
Suppose 3*p - 54 = -l, p - 5*l = -0*p + 34. Let v(r) = r**3 - 5*r**2 + 6*r. Let s be v(4). What is the remainder when p is divided by (2 + -1)*(s + -3)?
4
Let b = -2 - -4. Suppose 11 = b*f - 3. Suppose 6*u - 2*u + 27 = 5*i, -3*i + 4*u + 21 = 0. Calculate the remainder when f is divided by i.
1
Suppose -2 = 2*i - 0. Let g be (i - 108/8)*-10. Suppose -3*p - c + 68 = -297, g = p + 5*c. What is the remainder when p is divided by 31?
27
Let v(f) = 36*f + 5. Let h be v(7). Let d = h - -71. What is the remainder when d/18 + (-12)/54 is divided by 10?
8
Let u be 2/(-10) - (-3208)/40. Suppose y + 2*g + 0 = -2, 2*y - g = 11. Suppose y*l - 52 = l + 5*v, 3*l + 2*v = u. What is the remainder when l is divided by 13?
11
Let k(y) = -83*y - 315. Calculate the remainder when 2530 is divided by k(-4).
14
Let t = -6 + 10. Suppose -t*i - 2 = -5*i. Suppose 0 = -4*m + 2*y + 160, -i*m + 2*y - 5*y = -64. What is the remainder when m is divided by 20?
18
Let n(f) = f + 52. Let t be (10/(-6))/(22/33)*10. What is the remainder when n(t) is divided by 16?
11
Suppose -5*l = -2*p - 2*p - 76, -2*l - 3*p = -12. Let n(s) = 10*s - 2. Calculate the remainder when n(l) is divided by 30.
28
Suppose -17 = -v + 3*l, v - 18 + 1 = -5*l. Let h = v + -12. Calculate the remainder when (-375)/(-20) - (-2)/8 is divided by h.
4
Let d = -163 + 174. What is the remainder when d is divided by (5/(-2))/(1/(-4))?
1
Let c(j) = 73*j**3 - 2*j**2 + j. Let n be c(1). Let d be (n/(-45))/(4/(-10)). Suppose -3*i + d*i = 43. Calculate the remainder when i is divided by 15.
13
Suppose -2*c - 116 = -4*q + 2*q, 2*c - 232 = -4*q. What is the remainder when 191 is divided by q?
17
Let k = 4 - 2. Suppose -k*w + w = -3. Suppose -2*i + 2*y + 65 = -w*y, 5*i + 4*y - 113 = 0. Calculate the remainder when 47 is divided by i.
22
Let t(z) = z**3 - 2*z**2 + 5*z - 7. Suppose 0 = -4*i + 16, 5*w - 29*i = -32*i + 177. What is the remainder when t(5) is divided by w?
27
Let w(n) = -n**3 + 19*n**2 - 19*n + 21. Let q be w(18). Suppose 0 = 4*d - 4, 2*d + q*d = s - 1. Calculate the remainder when 7 is divided by s.
1
Let k = 62 + -132. Let d = -28 - k. Suppose -d = -y + 9. What is the remainder when y is divided by 13?
12
Let t = -198 - -231. Calculate the remainder when 82 is divided by t.
16
Suppose -1291 = -17*j + 494. Calculate the remainder when j is divided by 9.
6
Let v be 22*2 + -2 + -2. Suppose 2*y + 135 = 161. Let u = v - y. What is the remainder when u is divided by 7?
6
Suppose 5*s = 5*w + 330, 4*w = 5*w. Suppose -4*c + s = 5*i, -8 + 22 = i + c. Let b(f) = f**3 + 4*f - 2. What is the remainder when b(3) is divided by i?
7
Suppose 0 = 5*f - d + 14 - 54, -4*f - 4*d = -56. What is the remainder when f is divided by 3?
0
Let a = 1069 + -1028. Calculate the remainder when 241 is divided by a.
36
Calculate the remainder when 226 is divided by ((-1)/4)/(-9 - 1790/(-200)).
1
Let k(g) = g**3 + g**2 + 3. Let i be k(0). Suppose 3*h + 55 - 235 = 0. Suppose -i*a + 8*a = h. Calculate the remainder when 21 is divided by a.
9
Let n = 63 - 55. Let a(t) = -t + 28. What is the remainder when 99 is divided by a(n)?
19
Let a be (-1)/(-4) + (-65)/20 + 7. Let o be 4 + -2*1 - 2. Suppose o*u = a*u - 28. What is the remainder when u is divided by 4?
3
Let m be 1 + 302 + -6 + 9. Calculate the remainder when 1/(1 + m/(-309)) is divided by 21.
19
Let i(f) be the third derivative of -f**4/4 + f**3/6 - 6*f**2. Suppose 0 = -5*p + 3*p + 76. What is the remainder when p is divided by i(-2)?
12
Suppose -510*r + 502*r + 144 = 0. Let p = -142 - -207. What is the remainder when p is divided by r?
11
Let g = -119 + 123. Suppose -y = -g - 30. What is the remainder when y is divided by 9?
7
Let q = -16401 - -16405. Let v(m) = 6*m**2 - m - 1. Suppose 0 = 2*f + 4 - 2. What is the remainder when v(f) is divided by q?
2
Let k = 35 + 87. What is the remainder when k is divided by 42?
38
Suppose -26*j = -21*j - 425. What is the remainder when j is divided by 6?
1
Suppose -3*n = 5*n - 280. Calculate the remainder when 93 is divided by n.
23
Suppose -3*a - 7*h + 437 = -3*h, a + 3*h - 154 = 0. Calculate the remainder when a is divided by 16.
11
Let h = -1714 + 1736. Calculate the remainder when 93 is divided by h.
5
Let f be 10 - (-7)/((-42)/30). Suppose -5*j + 310 = 5*a, 117 = 2*a - f*j - 28. What is the remainder when a is divided by 33?
32
Let k = 261 - 238. Calculate the remainder when 54 is divided by k.
8
Let t(j) = 47*j - 184. What is the remainder when t(9) is divided by 41?
34
What is the remainder when 135 is divided by (-1378)/(-212)*(0 - -10)?
5
Let i(c) = c**2 - 15*c - 3. Let h be i(15). Suppose -3*p = -q + 6, -p + 4*q + 3 = 5. What is the remainder when 16 is divided by 2/p - h - -8?
6
Let i be -9*(-4)/(-8)*